mmon divisor of 8600306 and 3146?
286
Calculate the highest common divisor of 522 and 25456490.
58
What is the highest common factor of 13280480 and 232?
8
Calculate the greatest common divisor of 1630 and 1100870.
10
Calculate the greatest common divisor of 39728 and 1549774.
382
Calculate the greatest common factor of 82839803 and 3854.
1927
What is the highest common divisor of 3 and 1185127?
1
What is the highest common factor of 332328 and 95892?
732
Calculate the greatest common divisor of 3424632 and 168.
24
Calculate the greatest common factor of 2511312 and 96.
48
What is the greatest common divisor of 39 and 558519?
39
What is the greatest common factor of 7755 and 162030?
165
Calculate the highest common divisor of 1028887 and 2536563.
10187
Calculate the highest common factor of 11582275 and 25.
25
Calculate the highest common divisor of 136983267 and 13342.
953
What is the greatest common divisor of 405 and 25065?
45
What is the highest common factor of 1123216 and 752?
16
What is the greatest common factor of 5156 and 23896771?
1289
What is the greatest common divisor of 72304462 and 18848?
1178
What is the highest common factor of 953668 and 16?
4
What is the highest common divisor of 3426582 and 89394?
282
What is the greatest common factor of 3657 and 23724408?
69
Calculate the greatest common divisor of 833867 and 11653.
271
Calculate the greatest common factor of 34451469 and 3519.
153
Calculate the greatest common factor of 2290077 and 185553.
477
Calculate the greatest common factor of 2300 and 1346300.
100
What is the highest common factor of 131547 and 57?
3
What is the greatest common divisor of 247 and 6973532?
19
What is the greatest common factor of 600 and 4851150?
150
Calculate the greatest common factor of 137700 and 3145068.
5508
What is the highest common divisor of 7452 and 292479822?
3726
What is the greatest common divisor of 23902209 and 95?
19
Calculate the highest common divisor of 710041618 and 5291.
5291
Calculate the highest common factor of 82 and 1234243336.
82
Calculate the highest common divisor of 10985 and 4496375.
65
Calculate the highest common divisor of 198798 and 35768.
34
Calculate the greatest common factor of 536 and 3978232.
8
Calculate the highest common factor of 834820 and 8710.
670
What is the highest common divisor of 19726083 and 3276?
117
Calculate the highest common divisor of 47200 and 28587860.
1180
Calculate the highest common factor of 32 and 303233.
1
What is the greatest common divisor of 132454189 and 721?
721
Calculate the greatest common factor of 4516956 and 1692.
36
Calculate the highest common divisor of 11991 and 6456297.
1713
What is the highest common divisor of 8 and 24334?
2
What is the greatest common factor of 51384 and 789116934?
12846
Calculate the highest common factor of 738942 and 13268.
214
What is the highest common factor of 190800 and 2490?
30
What is the greatest common factor of 42970455 and 29552?
1847
What is the highest common divisor of 33305 and 735?
5
What is the highest common divisor of 62920 and 98215?
65
What is the highest common divisor of 211627 and 420407?
949
Calculate the greatest common divisor of 170 and 1047638090.
170
What is the greatest common divisor of 48471 and 251985?
321
What is the greatest common factor of 201061 and 3325?
7
What is the highest common factor of 1 and 131762?
1
What is the greatest common divisor of 2346 and 11110265?
391
Calculate the greatest common factor of 101 and 31735917.
101
Calculate the highest common divisor of 3738 and 187320.
42
Calculate the greatest common factor of 45566802 and 72.
18
What is the highest common divisor of 33920 and 1284544?
64
Calculate the greatest common factor of 812931736 and 944.
472
What is the highest common factor of 715242 and 2321?
11
Calculate the highest common divisor of 452 and 433389578.
226
What is the highest common divisor of 65 and 435600?
5
What is the highest common factor of 545441 and 2743?
13
Calculate the greatest common divisor of 18546 and 60918.
66
What is the greatest common divisor of 368 and 29356924?
92
What is the greatest common divisor of 9377013 and 2641?
19
Calculate the highest common divisor of 393170 and 20.
10
What is the greatest common divisor of 2 and 4896013?
1
Calculate the highest common factor of 40484 and 92104.
116
What is the highest common factor of 4216 and 1610465624?
4216
What is the greatest common divisor of 287910 and 9900?
90
Calculate the highest common divisor of 32782128 and 6696.
744
Calculate the greatest common factor of 31666768 and 3584.
112
Calculate the greatest common divisor of 94896 and 460641.
1977
Calculate the highest common divisor of 138824 and 1527582.
518
Calculate the highest common divisor of 4296 and 840433998.
1074
Calculate the greatest common divisor of 29520 and 37900.
20
What is the greatest common divisor of 107366886 and 396?
198
Calculate the greatest common factor of 266696 and 51184008.
7208
What is the highest common factor of 90 and 21258702?
18
What is the highest common divisor of 181594 and 1635?
109
What is the greatest common divisor of 50 and 978822070?
10
Calculate the highest common factor of 45323 and 60048517.
743
What is the greatest common factor of 151259076 and 972?
324
Calculate the greatest common factor of 5130322 and 38.
2
Calculate the highest common divisor of 73989024 and 29656.
2696
What is the highest common divisor of 26044765 and 17?
17
What is the greatest common divisor of 37869804 and 2781?
927
Calculate the highest common factor of 104991552 and 324.
324
Calculate the greatest common divisor of 11802272 and 548404.
7724
Calculate the highest common factor of 447875022 and 168.
42
Calculate the highest common divisor of 6288 and 101938174.
262
Calculate the greatest common factor of 70154 and 298.
2
Calculate the highest common divisor of 146031647 and 501.
167
Calculate the highest common divisor of 266 and 44372942.
38
Calculate the highest common factor of 1764 and 340244.
4
Calculate the highest common factor of 13668868 and 26402.
614
What is the highest common divisor of 21 and 3550477?
7
What is the highest common divisor of 510 and 114190470?
30
Calculate the greatest common factor of 5814 and 81362.
34
Calculate the highest common factor of 2940 and 93027480.
2940
Calculate the greatest common factor of 644 and 258734.
14
Calculate the highest common divisor of 78048 and 8250912.
288
What is the greatest common divisor of 1065 and 74325?
15
What is the highest common factor of 1336 and 15027088?
8
What is the greatest common divisor of 116836758 and 72?
18
What is the highest common divisor of 87 and 94133913?
87
Calculate the greatest common divisor of 196044 and 15300.
204
What is the highest common factor of 518 and 191699886?
518
Calculate the highest common divisor of 3170 and 84276035.
1585
Calculate the greatest common factor of 21 and 68841.
3
Calculate the greatest common factor of 14 and 3666173.
7
What is the highest common divisor of 94094 and 21851522?
7238
What is the highest common factor of 214258 and 84194?
22
What is the greatest common divisor of 42119548 and 10036?
772
Calculate the greatest common factor of 338660 and 6314.
574
What is the highest common factor of 228 and 7253784?
12
What is the highest common factor of 203 and 421660?
29
Calculate the greatest common divisor of 6777 and 2336559.
753
Calculate the highest common factor of 39354 and 11849302.
1874
What is the greatest common factor of 8 and 8795644?
4
What is the highest common factor of 9971 and 46610?
59
Calculate the greatest common divisor of 125700 and 488973.
1257
What is the greatest common factor of 332759 and 10633?
49
What is the highest common factor of 1610960 and 32240?
1040
What is the highest common divisor of 290953080 and 35910?
5130
What is the greatest common divisor of 14 and 185775807?
7
What is the greatest common factor of 3864 and 14464401?
483
What is the highest common divisor of 2469 and 48054147?
2469
Calculate the highest common divisor of 1764042 and 109982.
866
Calculate the greatest common divisor of 4900 and 228676.
28
Calculate the highest common factor of 7574 and 273546.
14
What is the greatest common divisor of 242 and